n base 7, what is -143 + -3643?
-4116
In base 15, what is 29dba + -12?
29da8
In base 11, what is -1193 - -95?
-10a9
In base 10, what is 144944 - -11?
144955
In base 4, what is 0 - 11300132?
-11300132
In base 16, what is a + -1a33?
-1a29
In base 13, what is 3b + -120?
-b2
In base 14, what is 9ab0 + -115?
9999
In base 15, what is 131 + -6a?
b6
In base 15, what is 253 + 4d3?
736
In base 14, what is -d69d - 51?
-d710
In base 5, what is 442420 + -12?
442403
In base 10, what is -1 + -121414?
-121415
In base 5, what is -233022 + -11?
-233033
In base 4, what is 220 + 21121100?
21121320
In base 7, what is 1146 + 4336?
5515
In base 15, what is 7 - 2c0aa?
-2c0a3
In base 4, what is -1223331 - 1312?
-1231303
In base 8, what is 13 + 71267?
71302
In base 12, what is -41 + -318b?
-3210
In base 13, what is a + -604?
-5c7
In base 11, what is 432 - 17?
416
In base 12, what is -1 + 602b00?
602abb
In base 11, what is -2 - -7493?
7491
In base 5, what is 13312210 - 1?
13312204
In base 3, what is 101221 + -100221?
1000
In base 4, what is -211302102 - 2?
-211302110
In base 2, what is -1010000011100 + 10000001?
-1001110011011
In base 11, what is -842 + -301?
-1043
In base 14, what is -77 + -15?
-8c
In base 15, what is 116 - -195?
2ab
In base 11, what is 5 - -828a?
8294
In base 11, what is 38a03 - -4?
38a07
In base 12, what is 11732 - 52?
116a0
In base 10, what is -88268 + 44?
-88224
In base 13, what is 85 - 2?
83
In base 10, what is 2072 + -602?
1470
In base 10, what is -7611 - -209?
-7402
In base 9, what is -45 - -126583?
126537
In base 3, what is -212011222 - -210?
-212011012
In base 11, what is -3 - 192?
-195
In base 5, what is -11231041 + 0?
-11231041
In base 9, what is 104510 + -4?
104505
In base 16, what is 119e - 1?
119d
In base 15, what is 24a19 + 4?
24a1d
In base 10, what is 39803 - 23?
39780
In base 6, what is -5 - 21143?
-21152
In base 7, what is -26 - 5335?
-5364
In base 15, what is -264 - 70d?
-972
In base 14, what is 51d - 13?
50a
In base 7, what is 233 + 163?
426
In base 9, what is -56 - -5302?
5235
In base 6, what is -231530130 + 1?
-231530125
In base 3, what is 111000121 - -21200?
111022021
In base 14, what is 2113 - -29?
213c
In base 14, what is -4 + 108a7?
108a3
In base 2, what is 100111101101001100010 + 0?
100111101101001100010
In base 6, what is 0 + -432241?
-432241
In base 3, what is 222010202 - 0?
222010202
In base 14, what is -61 + 1079?
1018
In base 13, what is -c - -20392?
20383
In base 12, what is 3 + 10b18?
10b1b
In base 3, what is -2200122 + 20?
-2200102
In base 16, what is 1c4 - -6ad?
871
In base 14, what is -24 + -6c5?
-709
In base 15, what is 1 - -17e9?
17ea
In base 16, what is 1208 - -3?
120b
In base 14, what is 93 - 157d?
-14ca
In base 2, what is -101001111000010001 + -1?
-101001111000010010
In base 2, what is -1001000011100 - -1011010?
-1000111000010
In base 5, what is -2132201 + 4?
-2132142
In base 4, what is 13 + 200200232?
200200311
In base 2, what is 1100 + -10010010010?
-10010000110
In base 3, what is 220021 - -202?
221000
In base 10, what is 65782 - 4?
65778
In base 14, what is 3c5 - -d77?
135c
In base 4, what is -11123211210 + -11?
-11123211221
In base 14, what is -76b01 - -5?
-76ada
In base 15, what is -107 + -e0?
-1e7
In base 2, what is 1110 - 10110101100010?
-10110101010100
In base 13, what is 13 + 463?
476
In base 9, what is 250630 + 0?
250630
In base 8, what is 1275 + -37?
1236
In base 16, what is 23 - 1129c?
-11279
In base 5, what is -341 + 20?
-321
In base 12, what is 5 - 48a6?
-48a1
In base 13, what is -114 - 313?
-427
In base 10, what is -3 - -87289?
87286
In base 6, what is 105 + 143011?
143120
In base 9, what is 17 - 511?
-483
In base 11, what is -8793 + -5?
-8798
In base 10, what is 4 - -863616?
863620
In base 12, what is -458b2 - -3?
-458ab
In base 6, what is -4055254 - 2?
-4055300
In base 6, what is -240132 - 1014?
-241150
In base 5, what is -140420242 + -3?
-140420300
In base 12, what is -ba - -551?
453
In base 12, what is -25 - 5b2b?
-5b54
In base 14, what is -308 + -380?
-688
In base 5, what is -123214004 + 0?
-123214004
In base 4, what is -1 + -11002?
-11003
In base 3, what is 111 - 12012001012?
-12012000201
In base 14, what is 4 + 1ac6?
1aca
In base 5, what is 12 + 1024223?
1024240
In base 8, what is 15 + -111627?
-111612
In base 8, what is -4 + 45440?
45434
In base 12, what is -5 - 4165?
-416a
In base 2, what is -101 + 11101001011101?
11101001011000
In base 13, what is 21c06a + -1?
21c069
In base 11, what is -2088 - -154?
-1a34
In base 14, what is 4b12 + 0?
4b12
In base 2, what is 11001001101100111 + -100?
11001001101100011
In base 5, what is 322 - 20141?
-14314
In base 6, what is 1504 - 1155?
305
In base 10, what is -5 + 114437?
114432
In base 14, what is 1c - -28?
46
In base 16, what is -92e80 + b?
-92e75
In base 14, what is -14d + 263?
114
In base 11, what is -1a35 - -44?
-19a1
In base 2, what is -110010111111110 - 1100010?
-110011001100000
In base 5, what is -13314000 + 4?
-13313441
In base 7, what is -341 - 1501?
-2142
In base 10, what is 40 - 45?
-5
In base 3, what is 1 - 12010002202?
-12010002201
In base 4, what is 1233221 + -20?
1233201
In base 2, what is 1111 + 1101011001?
1101101000
In base 8, what is -16 + -55070?
-55106
In base 2, what is 101 - 1010100100011101?
-1010100100011000
In base 15, what is 1a23 - 3b?
19d7
In base 4, what is -21302102 - 3?
-21302111
In base 2, what is -1000010000 + -1101111011?
-10110001011
In base 4, what is -1303233 + -201?
-1310100
In base 8, what is 11462 - -304?
11766
In base 12, what is 5 + -3456a5?
-3456a0
In base 8, what is -3642 + -21?
-3663
In base 5, what is 1 - 104014210?
-104014204
In base 4, what is -11 + 220223100?
220223023
In base 16, what is 11600 + 5?
11605
In base 5, what is 1024203 - 3?
1024200
In base 16, what is 2 + -3ddca?
-3ddc8
In base 2, what is 1 + -1100000100011111?
-1100000100011110
In base 7, what is -2 - -664511?
664506
In base 9, what is -15042 + -5?
-15047
In base 8, what is 15377 + -6?
15371
In base 2, what is -1000 - 100011010100100?
-100011010101100
In base 9, what is -7 - -25874?
25866
In base 6, what is -350433 - -11?
-350422
In base 4, what is 102020 + 221?
102301
In base 9, what is 12 + 100282?
100304
In base 7, what is -16 + 32041?
32022
In base 12, what is 1b5b + 462?
2401
In base 14, what is b93 + -1d2?
9a1
In base 3, what is -20012 + 110111?
20022
In base 4, what is 3023233 + 2?
3023301
In base 7, what is -125 - 612?
-1040
In base 4, what is -12 + 33030022?
33030010
In base 2, what is -1 + -111001110011?
-111001110100
In base 12, what is 74934 + 0?
74934
In base 13, what is -4 - 11020?
-11024
In base 2, what is -1000110 - -1001101010?
1000100100
In base 2, what is 1101110 + -10010100000?
-10000110010
In base 2, what is 1 - 1101100010010000?
-1101100010001111
In base 15, what is 2 + 226e?
2271
In base 12, what is b5 - 277?
-182
In base 13, what is -27c45 - -12?
-27c33
In base 10, what is -4449 + -93?
-4542
In base 7, what is 213266 + 3?
213302
In base 2, what is -1010 - 100100010000101?
-100100010001111
In base 3, what is 120011011 - -20?
120011101
In base 9, what is -768 - -5?
-763
In base 5, what is 33 - -113244?
113332
In base 13, what is -2 - 4012?
-4014
In base 15, what is -4 + 3768?
3764
In base 14, what is -562 + -192?
-714
In base 9, what is 27638 + 3?
27642
In base 13, what is 8229 + 3?
822c
In base 13, what is -c71 + 30b?
-963
In base 15, what is b27de + -4?
b27da
In base 12, what is 196489b - 0?
196489b
In base 10, what is -654 - 98?
-752
In base 2, what is 101 + -10111001001001?
-10111001000100
In base 7, what is -15 - 13152?
-13200
In base 15, what is -4 - -e622?
e61d
In base 13, what is -719 - 3b?
-757
In base 6, what is 120 + -103440?
-103320
In base 11, what is -34 - 46a?
-4a3
In base 16, what is -380d + 53?
-37ba
In base 10, what is 32942 + -12?
32930
In base 3, what is -1101110212 - -1?
-1101110211
In base 7, what is -544005 - 5?
-544013
In base 4, what is -30131102 - 10?
-30131112
In base 11, what is -1 + 2999?
2998
In base 5, what is -1040113 - 13?
-1040131
In base 12, what is 214b + -187?
1b84
In base 11, what is -2a25 - -7a?
-2956
In base 12, what is 186 - 27?
15b
In base 12, what is 465 + -1a2?
283
In base 4, what is 21 + -2103?
-2022
In base 8, what is -37 + 2466?
2427
In base 6, what is -1423414 - 